)/(-20) is divided by x?
54
Let z(o) = 4*o**2 + 79*o + 640. Calculate the remainder when z(-8) is divided by 31.
16
What is the remainder when 384 is divided by ((-30750)/(-2250))/((2*1)/6)?
15
Suppose -39*r + 84568 = 23*r. Calculate the remainder when r is divided by 449.
17
Suppose -8 = -6*a + 10*a. What is the remainder when (35/(-3) + a)/(6/(-54)) is divided by 21?
18
Suppose -2415 = -9*d + 5*d - n, 3*d - 9*n - 1782 = 0. Calculate the remainder when 1823 is divided by d.
14
Let y(k) = k - 22. Let c be y(14). Let h = c + 18. Calculate the remainder when 39 is divided by h.
9
Let s = -96 + 96. Suppose 160*f - 158*f - 70 = s. Calculate the remainder when f is divided by 21.
14
Let j be (36 - 43) + (0 - (1 - 0)). Let t be 24/(j/(-70) - 2/5). Calculate the remainder when 17 is divided by ((-3)/6)/((-2)/t*-3).
3
What is the remainder when (-12)/66 - (-8034)/22 is divided by 182?
1
Suppose -4*p = -4*b + 1888, 5*b - b + 5*p = 1834. Calculate the remainder when b is divided by 60.
46
Let t(k) = 14*k + 121. Let j be t(-9). Calculate the remainder when 38 is divided by (-27 - -3)*(-2 + j/(-3)).
6
Suppose 2436 = 5*b + 3*g, 174*g = 171*g + 21. Suppose -2*p + 4*p - 22 = 0. What is the remainder when b is divided by p?
10
Let s(z) = 9*z**3 - 631*z**2 + 1295*z - 111. Let t(f) = 15*f**2 + f + 2. Calculate the remainder when s(68) is divided by t(-2).
33
Let v = 128 - 89. Calculate the remainder when (0 + 1)*35*660/300 is divided by v.
38
Let l(x) = 14*x**2 - 83*x - 963. What is the remainder when l(-16) is divided by 20?
9
Let c(m) = 283*m + 1009. Calculate the remainder when 316 is divided by c(-3).
156
Suppose -2 - 128 = -5*x. Let t be -2*(0 - 2 - 20/(-8)). What is the remainder when 45*(t - (-44)/12 - 1) is divided by x?
23
Suppose 89*q - 65 = 96*q - 814. What is the remainder when q is divided by 35?
2
Let f = 32 + -32. Suppose -c + 4*b + b = f, 0 = 2*c - 5*b. Suppose c = 5*h - 8*h + 33. Calculate the remainder when 31 is divided by h.
9
Let k(s) = 3*s - 1. Let l be k(-3). Calculate the remainder when -3*(-28)/(-42) - (-85 - -3) is divided by ((-105)/l)/(1/2).
17
Suppose 7*y = 51 + 5. What is the remainder when 0 + 0/(-3) + 72 is divided by 10 + (10/8)/(2/y)?
12
Calculate the remainder when 411/12*-5*-4 is divided by 16.
13
Suppose -5*w + 2*h + 12*h = -8529, -w = 4*h - 1699. What is the remainder when w is divided by 34?
3
Suppose -3*q + 79 = s, q - 15 = -4*s + 15. Suppose 16 + q = 3*j. Suppose 2*b - 20 = -r - r, 3*r - 5*b = j. What is the remainder when r is divided by 7?
1
Let l be -9*(2 + 28/(-12)) - 4. Calculate the remainder when 148 is divided by l/((-143)/871) + (-2)/22.
4
Let p(a) = 10*a + 204. What is the remainder when 928 is divided by p(-18)?
16
Let p = -330 - -702. What is the remainder when p is divided by 14?
8
Let v(l) = -809*l - 1278. Calculate the remainder when 1027 is divided by v(-2).
7
Calculate the remainder when (4598/(-4))/((-230)/460) is divided by 192.
187
Suppose 34 = 3*n - 4*g - 2, 60 = 5*n - 2*g. Suppose k - 3 = -0*k. Suppose k*o - 162 = o. Calculate the remainder when o is divided by n.
9
Let j = -3177 + 3213. Calculate the remainder when j is divided by (-1170)/(-50) - 2/5.
13
Suppose 8 = 6*a - 100. Suppose -2*f + a = -118. Calculate the remainder when 201 is divided by f.
65
Let q = 46301 + -46284. Calculate the remainder when ((-14)/21)/((-1)/474) is divided by q.
10
Suppose -36*g = -39*g. Let x(q) = 3*q + 5. Let d be x(g). Suppose -5*t = -d, -3*t = -5*w + 89 - 2. Calculate the remainder when 67 is divided by w.
13
Suppose 0 = -g + 5, -167*r + 166*r + 1573 = 3*g. What is the remainder when r is divided by 26?
24
Suppose -3*h + 55 + 185 = -2*b, 30 = -5*b. Let v(j) = -10*j - 3. Let c be v(6). Let g = c + h. What is the remainder when g is divided by 7?
6
Suppose -2 = 2*p, 0 = z + 829*p - 825*p - 69. What is the remainder when z is divided by 55?
18
Let s(m) = 4*m**2 + 11*m - 30. Let q be s(6). Let r = q + -144. Suppose 0 = 5*n - 242 - 108. Calculate the remainder when n is divided by r.
34
Let t = 11 - 9. Let d(k) = -12*k - k**t - k**3 - k**2 - 9*k**2 - 5. What is the remainder when 54 is divided by d(-10)?
9
Let h = 1647 - 1642. Suppose -3*u + 5*s = -387, -h*u - s + 977 = 304. Let j = 18 + 27. Calculate the remainder when u is divided by j.
44
Let o(z) = 0*z**2 - 12*z**2 - 57*z + 66*z + 2*z**3 - z**3 - 35. What is the remainder when o(12) is divided by 33?
7
Let h = -4774 - -4830. What is the remainder when 178 is divided by h?
10
What is the remainder when (2601/(-4) - (-37)/148)/((-1)/3) is divided by 56?
46
Suppose 12*b - 3*o = 10*b + 1, 3*b - o = -9. Calculate the remainder when b + 3 - 900/(-9 - -4) is divided by 26.
23
Let p(c) = -3*c**3 + 2*c**2 + 2*c. Let r be (2/4)/(19/2052). Suppose -r = -h - 22. Calculate the remainder when p(-3) is divided by h.
29
Let g = -4642 + 4806. Calculate the remainder when g is divided by 2/4*2 + 14.
14
Let l = -70 + -9. Let r = l + 79. Suppose r = -3*o + 4*o - 5*q - 54, -2*o + 132 = 2*q. Calculate the remainder when o is divided by 33.
31
Suppose 4*s = 2*y - 6, 4*s - 6 = 3*s + 3*y. Let k be -3 + (-1 + s)*(-24)/32. Let t = k - -61. Calculate the remainder when t is divided by 32.
29
Suppose -2*x + 41 = -5*f, -x + 5*x + 5*f - 127 = 0. Let q(a) = a**3 + 6*a**2 + 13*a + 139. Calculate the remainder when q(-6) is divided by x.
5
Let f(h) = 62*h**3 + h - 2. What is the remainder when 1277 is divided by f(1)?
57
Let z(f) = 8*f**2 + 27*f - 23. Let w(g) = -2*g**2 + g. Let a(i) = -6*w(i) - z(i). Calculate the remainder when a(10) is divided by 19.
17
Let q(r) = -r**2 - 8*r + 12. Let g = 21 + -27. Let j = -125 - -134. Calculate the remainder when q(g) is divided by j.
6
Let l(f) = f. Let s be l(-3). Let t = 5 - s. Suppose -329*g = -2749 - 6463. Calculate the remainder when g is divided by t.
4
Suppose 4*q + 33*o = 30*o - 29, 0 = 2*o + 6. What is the remainder when 137 is divided by (-177)/q - 24/60?
32
Let c(v) = -2*v**2 - 5*v + 52. Let b be c(-5). Suppose 2*h - 89 + b = -5*x, 0 = -4*x. Calculate the remainder when h is divided by 8.
7
Let k be (9/(-12))/(1*4/(-16)). Suppose -k*j = 16 - 112. Suppose -9*u = -u - 88. What is the remainder when j is divided by u?
10
Suppose 2*q + 152 + 370 = 5*i, 528 = 5*i - 3*q. What is the remainder when i is divided by 19?
7
Let t(j) = -2*j**2 + 44*j - 10. Let f be t(19). Suppose 22 = 3*b + 16, -2*c - 5*b + f = 0. What is the remainder when 187 is divided by c?
46
Let x = 3021 + -2968. What is the remainder when 1055 is divided by x?
48
What is the remainder when 4213880/732 + (-2)/3 is divided by 19?
18
What is the remainder when 638 is divided by (-41)/(-82) + (-1 - (-429)/2)?
210
Let y(t) = -82*t - 1802. Calculate the remainder when 243 is divided by y(-22).
1
Let f(g) = -30*g**2 + g**3 - 30*g + 11 - 4*g**2 - 19. What is the remainder when f(35) is divided by 21?
20
Let g = 231 - 231. Suppose g = -10*b + 570 + 150. Calculate the remainder when b is divided by 15.
12
Suppose 0 = -5*o + 4*o + 94. Let n(a) = -7*a + 42. Let v be n(3). Suppose 0 = 4*b - 85 + v. Calculate the remainder when o is divided by b.
14
Let z(o) = -o + 102. What is the remainder when z(-60) is divided by 73?
16
Suppose -4723 = -61*k + 5098. What is the remainder when 371 is divided by k?
49
Suppose -34*i = -6*i - 5040. Calculate the remainder when 3058 is divided by i.
178
Suppose 0 = 3*o + n - 197, 2*n + 403 = 5*o + 71. Calculate the remainder when 204 is divided by o.
6
Suppose w - 3*f = 3*w - 39, 0 = 5*w - 5*f - 60. Suppose 3*u - w - 3 = 0. Suppose -86 - 1036 = -u*g. What is the remainder when g is divided by 10?
7
Let v = -92 - -94. Suppose 1 = 5*a - v*w - 0*w, -3*a = -w. What is the remainder when 2 - a - (-29 + 1 + -4) is divided by 18?
17
Let p(u) = 2*u - 6. Suppose -6*s + 24 - 114 = 0. Let i = -8 - s. What is the remainder when p(9) is divided by i?
5
Let y = 3050 + -2396. What is the remainder when 1970 is divided by y?
8
Suppose -402 = -12*w + 138. Let q(t) = 32*t**2 + t - 15. What is the remainder when q(-4) is divided by w?
43
Let p(y) = y**2 + y - 1. Suppose -247*k + 257*k - 30 = 0. Suppose -k*o + 78 = 5*t, 3*o - 2*t - 78 = t. What is the remainder when o is divided by p(-3)?
1
Suppose 0 = -3*s - 2*n + 114, 2*s - 52*n + 48*n = 108. What is the remainder when 4084 is di